w**3 - 10*w**2 - 7*w + 24. Let y be 28/6*6/(-4). Let d be a(y). Let z = 135 + d. What is the units digit of z?
1
Let b = -4743 - -10949. What is the units digit of b?
6
Suppose 5*p + 26*c - 28*c - 176918 = 0, -p - 5*c + 35362 = 0. What is the hundreds digit of p?
3
Suppose 21*c - 3*u - 23 = 19*c, -7 = -3*c - u. Let i(g) = 89*g**2 + 3*g - 7. What is the hundreds digit of i(c)?
4
Suppose 0 = 4*u - 3*x - 253, 4*x - 288 = -u - 3*u. Suppose -g - 4*z = -5*z - 41, 2*g - 5*z - u = 0. Let b = g + 7. What is the tens digit of b?
5
Let a(i) = 506*i - 70. What is the tens digit of a(6)?
6
Suppose 0 = -2*x - 4*j + 2950 + 29642, 16 = -4*j. What is the units digit of x?
4
Let p = -4793 - -11675. What is the tens digit of p?
8
Let z = 848 + -216. Suppose -z - 75 = -4*f + 5*o, -3*f + 534 = -5*o. What is the units digit of f?
3
Let n = -196 - -464. Suppose -2*o + n = 2*r, 0*r - r = -2*o - 131. What is the tens digit of r?
3
Let g = 575 + -569. Let z(d) = 10*d**2 - 13*d + 7. What is the units digit of z(g)?
9
Let y = 11 - 9. Suppose 3270 = 5*q - 5*g, 3*g = -5*q - y*g + 3280. What is the tens digit of q?
5
Suppose 2*a = a - 2, 1921 = 5*s - 3*a. Let d = s + -214. What is the tens digit of d?
6
Let m = -4018 + 59859. What is the thousands digit of m?
5
Let f = 4548 + -2543. What is the hundreds digit of f?
0
Let l be 348/25 - 160/(-2000). Suppose l*d - 2576 = -182. What is the tens digit of d?
7
Let o(v) = 13839*v**2 - 21*v + 15. What is the ten thousands digit of o(1)?
1
Suppose 2*w + 32 = 130. Suppose -3*p = -32 - w. Suppose -12*x = -15*x + p. What is the units digit of x?
9
Let o be ((-24)/(-20))/((-4)/(-120)*9). What is the units digit of 5*(-21)/(-140) + 733/o?
4
Let l(c) = -5 - c - 3852*c**2 + 8 - 7. Let x be l(2). What is the tens digit of (x/(-54))/7 - (-4)/18?
4
Suppose -71*f + 28*f = -748286. What is the hundreds digit of f?
4
Let a(w) = 1307*w + 2. Let u be a(1). Suppose 0 = 5*c - c + 5*i - u, -1635 = -5*c - 5*i. What is the units digit of c?
6
Let x = 2316 + 843. What is the hundreds digit of x?
1
Suppose 13 = 5*u - 17. Suppose -u*x + 43 = 31. Suppose 0 = 5*f + 5*w - 10*w - 685, x*f - 283 = -w. What is the units digit of f?
0
Let m(y) = 109*y**2 - 61*y + 370. What is the thousands digit of m(6)?
3
Let o(y) = 6*y - 55. Let r be o(10). Suppose -14 = 6*g - 2*g - 2*k, 10 = r*g + 3*k. What is the hundreds digit of 6275/35 + g + 6/(-21)?
1
Let a = -2054 - -2926. Let t be (a + 7)/(0 - -1). Let l = -618 + t. What is the units digit of l?
1
Let s(u) = -u**3 + 5*u**2 - 3*u - 3. Let j(x) = -x**3 + 5*x**2 + 7*x - 3. Let m be j(6). Let b be s(m). What is the hundreds digit of (-40)/3*(-63)/b?
1
Let b(p) = -308*p - 4779. What is the units digit of b(-59)?
3
Let f = -1 - -2232. What is the units digit of f?
1
Let d be 7/((-4)/(-12)*(-3)/(-2)). Suppose -821 = -5*p + 2*g, 2*p - 328 = -13*g + d*g. What is the tens digit of p?
6
Let j(q) = -7*q**3 - 5*q**2 + 20*q + 21. Let t be j(-7). Let r = -618 + t. What is the hundreds digit of r?
4
Suppose -13 = -n + 4*v, n + 7 = -3*v - 8. What is the tens digit of (n - (0 - 2)) + 374?
7
Let p be 3/(-9) + 56/6. Suppose -p*a + 27 = -2439. What is the tens digit of a?
7
Let g(m) = 483*m - 18. What is the tens digit of g(19)?
5
Let l = -67784 + 118063. What is the units digit of l?
9
Let a = 31627 + -15531. What is the thousands digit of a?
6
Let i = -825 - -827. Suppose -5*t = f - 5032, t - i*f - 781 = 232. What is the units digit of t?
7
Let i = 11 - -7. Suppose -8*s = -11*s + i. Let x(d) = -d + 22. What is the units digit of x(s)?
6
Let u(h) be the first derivative of 7*h**2/2 - 57*h + 33. Let w be u(7). What is the tens digit of (17*(1 - w))/(-7 - -8)?
5
Suppose -27*j - 3490 - 10982 = 0. Let i = j - -1305. What is the hundreds digit of i?
7
Suppose 10*k = -17*k + k. Suppose k = u - 26*u + 7000. What is the hundreds digit of u?
2
Suppose -27*z = 20*z - 45842 - 167679. What is the hundreds digit of z?
5
Let q = 39603 + -24537. What is the ten thousands digit of q?
1
Suppose -22*u = -23*u + 3, -5*u = -2*g + 8913. Suppose 103*y = 99*y + g. What is the tens digit of y?
1
Let p = -59 - -114. Let l = p + -47. Suppose l*h = -3*t + 3*h + 337, t - h = 123. What is the tens digit of t?
1
Suppose -4*b + 3*a + 90041 = 0, 6*a = 4*b + 10*a - 90048. What is the tens digit of b?
1
Suppose 69779 = 44*v - 588857. What is the thousands digit of v?
4
Suppose b + 3*n - 5*n - 964 = 0, 0 = -4*b + 2*n + 3832. Let w = b + -593. What is the units digit of w?
3
Suppose -4*y + 5*y - 10 = 0. Let a(m) = -3 + 0*m**2 + 2 - y*m - m**2 - m**2. What is the units digit of a(-4)?
7
Suppose -4*a - 30*a = -68. What is the units digit of 15/((16/72)/a)?
5
Let a be 10/6 + 5/15. Suppose 0 = -4*z + a*z + 6. Suppose 2*w = -z*w + 245. What is the units digit of w?
9
Let u = 0 - 0. Suppose -2*x + 47 = -x + 2*d, u = -5*x - 3*d + 207. Suppose 0 = 5*s - 109 + x. What is the tens digit of s?
1
Let q = -3374 - -13194. What is the units digit of q?
0
Let y = 31471 + -8205. What is the thousands digit of y?
3
Let a(v) = 4*v**2 + 8*v + 17. Let l(r) = -r**2 + r + 27. Let d be l(-6). What is the hundreds digit of a(d)?
7
Suppose -5*h + 22 = 3*o - 5, -5*o = 4*h - 45. Suppose -45 = -o*b - 0. Suppose 2*l - 241 - 400 = -5*r, -2*r + 239 = -b*l. What is the units digit of r?
7
Let p be ((-40)/3*54/(-45))/2. Suppose p = -4*b - 2*h, 0*h - 2 = b - h. What is the units digit of b + 0 + 1 + 64?
3
Let s(y) = 52*y - 75. Let j be 70/3 - 2/(-15)*5. What is the hundreds digit of s(j)?
1
Let a = 118 + -113. Let f = a - -34. Let t = f - 31. What is the units digit of t?
8
Let u = -8 + 11. Let y(b) = b - 4*b**u + 2*b**3 - 3*b**2 + 3*b**3 + 3. What is the tens digit of y(6)?
1
Suppose -2*k = -9*k + 7. Let b(z) = 5*z**3 + 2*z - 1. Let m be b(k). Suppose u = 100 + m. What is the units digit of u?
6
Suppose 0 = 5*z + 5*x - 77605, -z + x = -3102 - 12421. What is the units digit of z?
2
Let t(k) = 4*k + 15. Let j be t(-3). Suppose j*r + 248 = -5*x + 988, -4*x = -3*r + 758. What is the tens digit of r?
5
Suppose -13*i = -10*i + 72. Let u = i + 29. What is the hundreds digit of (u/2)/5 - 2580/(-24)?
1
Let t(q) = -q - 16. Let l be t(-9). Let s be 1*-79*(-8 - l). Let c = -53 + s. What is the units digit of c?
6
Suppose -4*y + 3*s = -4633, -5*y + s = 6*s - 5800. Let f = 1887 - y. What is the units digit of f?
8
Suppose 0 = 11*d - 9280 - 4250. Suppose 14*v - d = 5882. What is the tens digit of v?
0
Suppose 0 = 3*y + w - 31868, -4*y + 2*w = -23641 - 18833. What is the ten thousands digit of y?
1
Suppose 0 = 443*y - 467*y + 181128. What is the units digit of y?
7
Suppose 6 = 4*u + 2*u. Suppose 2*n - 13 + u = -2*f, 3*n = -2*f + 8. Let d(c) = -c**3 + 10*c**2 + 2*c - 10. What is the tens digit of d(f)?
1
Let f = 9514 - 3167. What is the thousands digit of f?
6
Let w = 197 + -195. Suppose -12 = -3*z, -w*z + 396 = -h + 2*h. What is the units digit of h?
8
Let u(q) = 2*q**3 - 19*q**2 + 38*q + 139. What is the units digit of u(20)?
9
Suppose 4320 = -29*o + 32*o. Let y = o + -2602. What is the units digit of 6 + (-210)/36 + y/(-12)?
7
Suppose 5*f - 9*f + 3*q = 39, 5*f + 4*q + 10 = 0. What is the hundreds digit of (46/(-5))/((f - 3)/180)?
1
Let a(x) = x**3 + 23*x**2 - 5*x + 13. Let t be (3*-4)/((-4)/((-16)/(-3))). Let l(v) = v**2 - 16*v - 23. Let m be l(t). What is the hundreds digit of a(m)?
1
Suppose 0 = -59*v + 56*v - 4*d + 70693, -4*d = 4*v - 94248. What is the ten thousands digit of v?
2
Suppose -4*t + 10*c + 337534 = 0, 5*t - 10*c + 6*c = 421960. What is the ten thousands digit of t?
8
Suppose 24*m = 548270 - 98486. What is the units digit of m?
1
Suppose 3 = -3*n - 24. Suppose -f = 3*x - 416, -5*f = 10*x - 7*x - 436. Let q = x + n. What is the hundreds digit of q?
1
Let g(k) = 13*k**2 - 12*k - 2. Let u be g(2). Suppose u*w = -8021 + 45565. What is the tens digit of w?
4
Let c(g) = 26 - 26*g**2 + g + 55*g**2 + 5*g**3 - 4*g**3 + 0*g - 5*g**2. What is the units digit of c(-24)?
2
Let b(j) = -2*j**2 - 13*j - 2. Let h be b(-7). Let s be (-12)/3*(-9)/(h/(-2)). Let a(n) = n**3 - 7*n**2 + 9*n - 10. What is the hundreds digit of a(s)?
1
Let b(w) = w**3 + 7*w**2 - 4*w - 6. Let q(f) = -2*f**3 - 14*f**2 + 9*f + 13. Let l(x) = -5*b(x) - 3*q(x). What is the units digit of l(-6)?
9
Let w(f) be the third derivative of -f**6/30 - 7*f*